{"id":338,"date":"2012-05-29T20:48:50","date_gmt":"2012-05-29T18:48:50","guid":{"rendered":"http:\/\/hochzeit.bremmert.de\/?page_id=338"},"modified":"2025-02-11T23:35:46","modified_gmt":"2025-02-11T22:35:46","slug":"das-brautpaar","status":"publish","type":"page","link":"https:\/\/www.bremmert.de\/hochzeit\/das-brautpaar\/","title":{"rendered":"Das Brautpaar"},"content":{"rendered":"<p>Seit dem 14. M\u00e4rz 2001 sind wir nun ein Paar. Kennengelernt haben wir uns in N\u00fcrnberg. Unser Trauzeuge Jan, brachte eines Tages spontanen Besuch mit in Steffens Wohnung: Manuela. F\u00fcr Steffen war es Liebe auf den ersten Blick, Manuela wollte aber noch erobert werden \ud83d\ude09<\/p>\n<p>So zogen noch einige Monate ins Land, ehe wir zwei zusammenkamen.<\/p>\n<p>Ende 2001 begann Steffen dann sein Studium. Lange Zeit f\u00fchrten wir so eine Wochenendbeziehung. Steffen wohnte damals in seiner Studenten WG Eichst\u00e4tt und Manuala in ihrer eigenen Wohnung in F\u00fcrth.<\/p>\n<p>Seit August 2007 wohnen wir in Allersberg zusammen und genie\u00dfen jeden Tag gemeinsam.<\/p>\n<p>Wir haben auf unserem jetzt schon langem gemeinsamen Weg viele wundersch\u00f6ne, einzigartige Momente erlebt, aber auch schlimme, dunkle und unfassbare Lebensabschnitte waren durchzustehen. Wir konnten uns immer gegenseitig st\u00fctzen, wenn einer grade nicht so gut &#8222;gehen&#8220; konnte.<\/p>\n<p>Jetzt wird es Zeit diesen Bund zu besiegeln und sich das Ja-Wort zu geben \ud83d\ude42<\/p>\n<table border=\"0\" width=\"600\" cellspacing=\"0\" cellpadding=\"0\">\n<colgroup> <\/colgroup>\n<tbody>\n<tr>\n<td width=\"200\" height=\"20\"><strong>Manuela<\/strong><\/td>\n<td width=\"200\">&nbsp;<\/td>\n<td style=\"text-align: right;\" width=\"200\"><strong>Steffen<\/strong><\/td>\n<\/tr>\n<tr>\n<td height=\"20\"><img loading=\"lazy\" decoding=\"async\" class=\"wp-image-360 alignright\" style=\"margin: 0px; padding: 0px; border: 0px none currentColor;\" title=\"3\" src=\"https:\/\/bremmert.de\/hochzeit\/wp-content\/uploads\/2012\/05\/3-163x300.jpg\" alt=\"\" width=\"200\" height=\"368\" srcset=\"https:\/\/www.bremmert.de\/hochzeit\/wp-content\/uploads\/2012\/05\/3-163x300.jpg 163w, https:\/\/www.bremmert.de\/hochzeit\/wp-content\/uploads\/2012\/05\/3-556x1024.jpg 556w, https:\/\/www.bremmert.de\/hochzeit\/wp-content\/uploads\/2012\/05\/3.jpg 683w\" sizes=\"auto, (max-width: 200px) 100vw, 200px\" \/><\/td>\n<td><img loading=\"lazy\" decoding=\"async\" class=\"wp-image-361 aligncenter\" style=\"margin: 0px; padding: 0px; border: 0px none currentColor;\" title=\"2\" src=\"https:\/\/bremmert.de\/hochzeit\/wp-content\/uploads\/2012\/05\/2-163x300.jpg\" alt=\"\" width=\"200\" height=\"368\" srcset=\"https:\/\/www.bremmert.de\/hochzeit\/wp-content\/uploads\/2012\/05\/2-163x300.jpg 163w, https:\/\/www.bremmert.de\/hochzeit\/wp-content\/uploads\/2012\/05\/2-556x1024.jpg 556w, https:\/\/www.bremmert.de\/hochzeit\/wp-content\/uploads\/2012\/05\/2.jpg 683w\" sizes=\"auto, (max-width: 200px) 100vw, 200px\" \/><\/td>\n<td><img loading=\"lazy\" decoding=\"async\" class=\"wp-image-362 alignleft\" style=\"margin: 0px; padding: 0px; border: 0px none currentColor;\" title=\"1\" src=\"https:\/\/bremmert.de\/hochzeit\/wp-content\/uploads\/2012\/05\/1-163x300.jpg\" alt=\"\" width=\"200\" height=\"368\" srcset=\"https:\/\/www.bremmert.de\/hochzeit\/wp-content\/uploads\/2012\/05\/1-163x300.jpg 163w, https:\/\/www.bremmert.de\/hochzeit\/wp-content\/uploads\/2012\/05\/1-556x1024.jpg 556w, https:\/\/www.bremmert.de\/hochzeit\/wp-content\/uploads\/2012\/05\/1.jpg 683w\" sizes=\"auto, (max-width: 200px) 100vw, 200px\" \/><\/td>\n<\/tr>\n<tr>\n<td height=\"20\">Buchh\u00e4ndlerin<\/td>\n<td style=\"text-align: center;\"><strong>Beruf<\/strong><\/td>\n<td style=\"text-align: right;\">Sozialarbeiter<\/td>\n<\/tr>\n<tr>\n<td height=\"20\">F\u00fcrth in Bayern<\/td>\n<td style=\"text-align: center;\"><strong>Herkunftsort<\/strong><\/td>\n<td style=\"text-align: right;\">Heidenheim \/ Hahnenkamm<\/td>\n<\/tr>\n<tr>\n<td height=\"20\">Blau<\/td>\n<td style=\"text-align: center;\"><strong>Lieblingsfarbe<\/strong><\/td>\n<td style=\"text-align: right;\">Gelb<\/td>\n<\/tr>\n<tr>\n<td height=\"20\">Wasser, Tee, J\u00e4germeister und Schlierachtaler<\/td>\n<td style=\"text-align: center;\"><strong>Lieblingsgetr\u00e4nk<\/strong><\/td>\n<td style=\"text-align: right;\">Chocomel und Kaffee<\/td>\n<\/tr>\n<tr>\n<td height=\"20\">Penne Gorgonzola, Gavros<\/td>\n<td style=\"text-align: center;\"><strong>Leibspeise<\/strong><\/td>\n<td style=\"text-align: right;\">Fr\u00e4nkischer Sauerbraten<\/td>\n<\/tr>\n<tr>\n<td height=\"20\">Coucheinschl\u00e4ferin, Unausstehlich bei leerem Magen, B\u00fcchersammlerin, Tendenziell unentschlossen<\/td>\n<td style=\"text-align: center;\"><strong>Besondere Kennzeichen<\/strong><\/td>\n<td style=\"text-align: right;\">Nachtgiecher, PC-Enthusiast, Sofasurfer<\/td>\n<\/tr>\n<tr>\n<td height=\"20\">Steffen, Pflanzen, Poetry Slam, Kunst<\/td>\n<td style=\"text-align: center;\"><strong>Daran h\u00e4ngt mein Herz<\/strong><\/td>\n<td style=\"text-align: right;\">Manuela, Poetry Slam und der Glubb<\/td>\n<\/tr>\n<tr>\n<td height=\"20\">Radfahren, Couchsurfen<\/td>\n<td style=\"text-align: center;\"><strong>Lieblingssport<\/strong><\/td>\n<td style=\"text-align: right;\">Fahrradfahren, Fu\u00dfball gucken<\/td>\n<\/tr>\n<tr>\n<td height=\"20\">ich bin mit Meer zufrieden<\/td>\n<td style=\"text-align: center;\"><strong>Traumland<\/strong><\/td>\n<td style=\"text-align: right;\">Neuseeland<\/td>\n<\/tr>\n<tr>\n<td height=\"20\">Alternative Rock, Nu Metall<\/td>\n<td style=\"text-align: center;\"><strong>Musikgeschmack<\/strong><\/td>\n<td style=\"text-align: right;\">Rock, Punk, Reggae, Drum And Bass, Ambient Techno<\/td>\n<\/tr>\n<tr>\n<td height=\"20\">Im Blick zur\u00fcck entstehn die Dinge, im Blick nach vorn entsteht das Gl\u00fcck<\/td>\n<td style=\"text-align: center;\"><strong>Lebensmotto<\/strong><\/td>\n<td style=\"text-align: right;\">Im Blick zur\u00fcck entstehn die Dinge &#8211; im Blick nach vorn entsteht das Gl\u00fcck<\/td>\n<\/tr>\n<tr>\n<td height=\"20\">Tocotronic, 30 Seconds to Mars<\/td>\n<td style=\"text-align: center;\">&nbsp;<strong>Lieblingsband<\/strong><\/td>\n<td style=\"text-align: right;\">&nbsp;Tocotronic, Nirvana, Blumentopf<\/td>\n<\/tr>\n<tr>\n<td height=\"20\">&nbsp;<\/td>\n<td>&nbsp;<\/td>\n<td>&nbsp;<\/td>\n<\/tr>\n<\/tbody>\n<\/table>\n<p>&nbsp;<\/p>\n","protected":false},"excerpt":{"rendered":"<p>Seit dem 14. M\u00e4rz 2001 sind wir nun ein Paar. Kennengelernt haben wir uns in N\u00fcrnberg. Unser Trauzeuge Jan, brachte eines Tages spontanen Besuch mit in Steffens Wohnung: Manuela. F\u00fcr Steffen war es Liebe auf den ersten Blick, Manuela wollte aber noch erobert werden \ud83d\ude09 So zogen noch einige Monate ins Land, ehe wir zwei [&hellip;]<\/p>\n","protected":false},"author":1,"featured_media":0,"parent":0,"menu_order":2,"comment_status":"open","ping_status":"closed","template":"","meta":{"ngg_post_thumbnail":0,"footnotes":""},"class_list":["post-338","page","type-page","status-publish","hentry"],"_links":{"self":[{"href":"https:\/\/www.bremmert.de\/hochzeit\/wp-json\/wp\/v2\/pages\/338","targetHints":{"allow":["GET"]}}],"collection":[{"href":"https:\/\/www.bremmert.de\/hochzeit\/wp-json\/wp\/v2\/pages"}],"about":[{"href":"https:\/\/www.bremmert.de\/hochzeit\/wp-json\/wp\/v2\/types\/page"}],"author":[{"embeddable":true,"href":"https:\/\/www.bremmert.de\/hochzeit\/wp-json\/wp\/v2\/users\/1"}],"replies":[{"embeddable":true,"href":"https:\/\/www.bremmert.de\/hochzeit\/wp-json\/wp\/v2\/comments?post=338"}],"version-history":[{"count":36,"href":"https:\/\/www.bremmert.de\/hochzeit\/wp-json\/wp\/v2\/pages\/338\/revisions"}],"predecessor-version":[{"id":849,"href":"https:\/\/www.bremmert.de\/hochzeit\/wp-json\/wp\/v2\/pages\/338\/revisions\/849"}],"wp:attachment":[{"href":"https:\/\/www.bremmert.de\/hochzeit\/wp-json\/wp\/v2\/media?parent=338"}],"curies":[{"name":"wp","href":"https:\/\/api.w.org\/{rel}","templated":true}]}}

<p>Seit dem 14. März 2001 sind wir nun ein Paar. Kennengelernt haben wir uns in Nürnberg. Unser Trauzeuge Jan, brachte eines Tages spontanen Besuch mit in Steffens Wohnung: Manuela. Für Steffen war es Liebe auf den ersten Blick, Manuela wollte aber noch erobert werden 😉</p>
<p>So zogen noch einige Monate ins Land, ehe wir zwei zusammenkamen.</p>
<p>Ende 2001 begann Steffen dann sein Studium. Lange Zeit führten wir so eine Wochenendbeziehung. Steffen wohnte damals in seiner Studenten WG Eichstätt und Manuala in ihrer eigenen Wohnung in Fürth.</p>
<p>Seit August 2007 wohnen wir in Allersberg zusammen und genießen jeden Tag gemeinsam.</p>
<p>Wir haben auf unserem jetzt schon langem gemeinsamen Weg viele wunderschöne, einzigartige Momente erlebt, aber auch schlimme, dunkle und unfassbare Lebensabschnitte waren durchzustehen. Wir konnten uns immer gegenseitig stützen, wenn einer grade nicht so gut &#8222;gehen&#8220; konnte.</p>
<p>Jetzt wird es Zeit diesen Bund zu besiegeln und sich das Ja-Wort zu geben 🙂</p>
<table border="0" width="600" cellspacing="0" cellpadding="0">
<colgroup> </colgroup>
<tbody>
<tr>
<td width="200" height="20"><strong>Manuela</strong></td>
<td width="200">&nbsp;</td>
<td style="text-align: right;" width="200"><strong>Steffen</strong></td>
</tr>
<tr>
<td height="20"><img loading="lazy" decoding="async" class="wp-image-360 alignright" style="margin: 0px; padding: 0px; border: 0px none currentColor;" title="3" src="https://bremmert.de/hochzeit/wp-content/uploads/2012/05/3-163x300.jpg" alt="" width="200" height="368" srcset="https://www.bremmert.de/hochzeit/wp-content/uploads/2012/05/3-163x300.jpg 163w, https://www.bremmert.de/hochzeit/wp-content/uploads/2012/05/3-556x1024.jpg 556w, https://www.bremmert.de/hochzeit/wp-content/uploads/2012/05/3.jpg 683w" sizes="auto, (max-width: 200px) 100vw, 200px" /></td>
<td><img loading="lazy" decoding="async" class="wp-image-361 aligncenter" style="margin: 0px; padding: 0px; border: 0px none currentColor;" title="2" src="https://bremmert.de/hochzeit/wp-content/uploads/2012/05/2-163x300.jpg" alt="" width="200" height="368" srcset="https://www.bremmert.de/hochzeit/wp-content/uploads/2012/05/2-163x300.jpg 163w, https://www.bremmert.de/hochzeit/wp-content/uploads/2012/05/2-556x1024.jpg 556w, https://www.bremmert.de/hochzeit/wp-content/uploads/2012/05/2.jpg 683w" sizes="auto, (max-width: 200px) 100vw, 200px" /></td>
<td><img loading="lazy" decoding="async" class="wp-image-362 alignleft" style="margin: 0px; padding: 0px; border: 0px none currentColor;" title="1" src="https://bremmert.de/hochzeit/wp-content/uploads/2012/05/1-163x300.jpg" alt="" width="200" height="368" srcset="https://www.bremmert.de/hochzeit/wp-content/uploads/2012/05/1-163x300.jpg 163w, https://www.bremmert.de/hochzeit/wp-content/uploads/2012/05/1-556x1024.jpg 556w, https://www.bremmert.de/hochzeit/wp-content/uploads/2012/05/1.jpg 683w" sizes="auto, (max-width: 200px) 100vw, 200px" /></td>
</tr>
<tr>
<td height="20">Buchhändlerin</td>
<td style="text-align: center;"><strong>Beruf</strong></td>
<td style="text-align: right;">Sozialarbeiter</td>
</tr>
<tr>
<td height="20">Fürth in Bayern</td>
<td style="text-align: center;"><strong>Herkunftsort</strong></td>
<td style="text-align: right;">Heidenheim / Hahnenkamm</td>
</tr>
<tr>
<td height="20">Blau</td>
<td style="text-align: center;"><strong>Lieblingsfarbe</strong></td>
<td style="text-align: right;">Gelb</td>
</tr>
<tr>
<td height="20">Wasser, Tee, Jägermeister und Schlierachtaler</td>
<td style="text-align: center;"><strong>Lieblingsgetränk</strong></td>
<td style="text-align: right;">Chocomel und Kaffee</td>
</tr>
<tr>
<td height="20">Penne Gorgonzola, Gavros</td>
<td style="text-align: center;"><strong>Leibspeise</strong></td>
<td style="text-align: right;">Fränkischer Sauerbraten</td>
</tr>
<tr>
<td height="20">Coucheinschläferin, Unausstehlich bei leerem Magen, Büchersammlerin, Tendenziell unentschlossen</td>
<td style="text-align: center;"><strong>Besondere Kennzeichen</strong></td>
<td style="text-align: right;">Nachtgiecher, PC-Enthusiast, Sofasurfer</td>
</tr>
<tr>
<td height="20">Steffen, Pflanzen, Poetry Slam, Kunst</td>
<td style="text-align: center;"><strong>Daran hängt mein Herz</strong></td>
<td style="text-align: right;">Manuela, Poetry Slam und der Glubb</td>
</tr>
<tr>
<td height="20">Radfahren, Couchsurfen</td>
<td style="text-align: center;"><strong>Lieblingssport</strong></td>
<td style="text-align: right;">Fahrradfahren, Fußball gucken</td>
</tr>
<tr>
<td height="20">ich bin mit Meer zufrieden</td>
<td style="text-align: center;"><strong>Traumland</strong></td>
<td style="text-align: right;">Neuseeland</td>
</tr>
<tr>
<td height="20">Alternative Rock, Nu Metall</td>
<td style="text-align: center;"><strong>Musikgeschmack</strong></td>
<td style="text-align: right;">Rock, Punk, Reggae, Drum And Bass, Ambient Techno</td>
</tr>
<tr>
<td height="20">Im Blick zurück entstehn die Dinge, im Blick nach vorn entsteht das Glück</td>
<td style="text-align: center;"><strong>Lebensmotto</strong></td>
<td style="text-align: right;">Im Blick zurück entstehn die Dinge &#8211; im Blick nach vorn entsteht das Glück</td>
</tr>
<tr>
<td height="20">Tocotronic, 30 Seconds to Mars</td>
<td style="text-align: center;">&nbsp;<strong>Lieblingsband</strong></td>
<td style="text-align: right;">&nbsp;Tocotronic, Nirvana, Blumentopf</td>
</tr>
<tr>
<td height="20">&nbsp;</td>
<td>&nbsp;</td>
<td>&nbsp;</td>
</tr>
</tbody>
</table>
<p>&nbsp;</p>

<p>Seit dem 14. März 2001 sind wir nun ein Paar. Kennengelernt haben wir uns in Nürnberg. Unser Trauzeuge Jan, brachte eines Tages spontanen Besuch mit in Steffens Wohnung: Manuela. Für Steffen war es Liebe auf den ersten Blick, Manuela wollte aber noch erobert werden 😉 So zogen noch einige Monate ins Land, ehe wir zwei [&hellip;]</p>
