{"id":60,"date":"2012-05-22T01:28:44","date_gmt":"2012-05-22T01:28:44","guid":{"rendered":"http:\/\/hochzeit.bremmert.de\/?page_id=60"},"modified":"2025-02-11T23:36:18","modified_gmt":"2025-02-11T22:36:18","slug":"willkommen","status":"publish","type":"page","link":"https:\/\/www.bremmert.de\/hochzeit\/","title":{"rendered":"Willkommen!"},"content":{"rendered":"<p><img loading=\"lazy\" decoding=\"async\" class=\"alignleft wp-image-47 size-thumbnail\" title=\"Herz_K\u00f6rper Kopie_kl\" src=\"https:\/\/www.bremmert.de\/hochzeit\/wp-content\/uploads\/2012\/05\/Herz_K\u00f6rper-Kopie_kl-150x150.jpg\" alt=\"\" width=\"150\" height=\"150\" srcset=\"https:\/\/www.bremmert.de\/hochzeit\/wp-content\/uploads\/2012\/05\/Herz_K\u00f6rper-Kopie_kl-150x150.jpg 150w, https:\/\/www.bremmert.de\/hochzeit\/wp-content\/uploads\/2012\/05\/Herz_K\u00f6rper-Kopie_kl-125x125.jpg 125w\" sizes=\"auto, (max-width: 150px) 100vw, 150px\" \/><\/p>\n<h1>Herzlich willkommen lieber Gast,<\/h1>\n<p style=\"text-align: left;\" align=\"center\"><strong>Wir beide &#8211; Manuela und Steffen, <\/strong><strong>Voller Spannung erwartet, <\/strong><strong>auf vielfachen Wunsch <\/strong><strong>und doch aus eigenem Willen!<\/strong><\/p>\n<p style=\"text-align: left;\" align=\"center\"><strong>Wir heiraten!<\/strong><\/p>\n<p style=\"text-align: left;\" align=\"center\"><strong>Diesen Tag m\u00f6chten wir gemeinsam mit Euch erleben!<\/strong><\/p>\n<p style=\"text-align: left;\" align=\"center\"><strong>Die Trauung findet am <\/strong><strong>11. August 2012 um 13 Uhr <\/strong><strong>in der katholischen Kirche <\/strong><strong>St. Bonifatius in Dietenhofen statt.<\/strong><\/p>\n<p style=\"text-align: left;\" align=\"center\">Danach wollen wir unseren Entschluss kr\u00e4ftig mit euch allen gemeinsam feiern. Direkt nach der Trauung gibt es f\u00fcr alle Gottesdienstbesucher einen Sektempfang vor der Kirche. Auch kleine H\u00e4ppchen werden gereicht. Gegen 15 Uhr werden wir dann mit den geladen G\u00e4sten (engerer Familien- und Freundeskreis) zur Hochzeitsfeier nach Heilsbronn aufbrechen.<\/p>\n","protected":false},"excerpt":{"rendered":"<p>Herzlich willkommen lieber Gast, Wir beide &#8211; Manuela und Steffen, Voller Spannung erwartet, auf vielfachen Wunsch und doch aus eigenem Willen! Wir heiraten! Diesen Tag m\u00f6chten wir gemeinsam mit Euch erleben! Die Trauung findet am 11. August 2012 um 13 Uhr in der katholischen Kirche St. Bonifatius in Dietenhofen statt. Danach wollen wir unseren Entschluss [&hellip;]<\/p>\n","protected":false},"author":1,"featured_media":0,"parent":0,"menu_order":1,"comment_status":"open","ping_status":"open","template":"","meta":{"ngg_post_thumbnail":0,"footnotes":""},"class_list":["post-60","page","type-page","status-publish","hentry"],"_links":{"self":[{"href":"https:\/\/www.bremmert.de\/hochzeit\/wp-json\/wp\/v2\/pages\/60","targetHints":{"allow":["GET"]}}],"collection":[{"href":"https:\/\/www.bremmert.de\/hochzeit\/wp-json\/wp\/v2\/pages"}],"about":[{"href":"https:\/\/www.bremmert.de\/hochzeit\/wp-json\/wp\/v2\/types\/page"}],"author":[{"embeddable":true,"href":"https:\/\/www.bremmert.de\/hochzeit\/wp-json\/wp\/v2\/users\/1"}],"replies":[{"embeddable":true,"href":"https:\/\/www.bremmert.de\/hochzeit\/wp-json\/wp\/v2\/comments?post=60"}],"version-history":[{"count":21,"href":"https:\/\/www.bremmert.de\/hochzeit\/wp-json\/wp\/v2\/pages\/60\/revisions"}],"predecessor-version":[{"id":852,"href":"https:\/\/www.bremmert.de\/hochzeit\/wp-json\/wp\/v2\/pages\/60\/revisions\/852"}],"wp:attachment":[{"href":"https:\/\/www.bremmert.de\/hochzeit\/wp-json\/wp\/v2\/media?parent=60"}],"curies":[{"name":"wp","href":"https:\/\/api.w.org\/{rel}","templated":true}]}}

<p><img loading="lazy" decoding="async" class="alignleft wp-image-47 size-thumbnail" title="Herz_Körper Kopie_kl" src="https://www.bremmert.de/hochzeit/wp-content/uploads/2012/05/Herz_Körper-Kopie_kl-150x150.jpg" alt="" width="150" height="150" srcset="https://www.bremmert.de/hochzeit/wp-content/uploads/2012/05/Herz_Körper-Kopie_kl-150x150.jpg 150w, https://www.bremmert.de/hochzeit/wp-content/uploads/2012/05/Herz_Körper-Kopie_kl-125x125.jpg 125w" sizes="auto, (max-width: 150px) 100vw, 150px" /></p>
<h1>Herzlich willkommen lieber Gast,</h1>
<p style="text-align: left;" align="center"><strong>Wir beide &#8211; Manuela und Steffen, </strong><strong>Voller Spannung erwartet, </strong><strong>auf vielfachen Wunsch </strong><strong>und doch aus eigenem Willen!</strong></p>
<p style="text-align: left;" align="center"><strong>Wir heiraten!</strong></p>
<p style="text-align: left;" align="center"><strong>Diesen Tag möchten wir gemeinsam mit Euch erleben!</strong></p>
<p style="text-align: left;" align="center"><strong>Die Trauung findet am </strong><strong>11. August 2012 um 13 Uhr </strong><strong>in der katholischen Kirche </strong><strong>St. Bonifatius in Dietenhofen statt.</strong></p>
<p style="text-align: left;" align="center">Danach wollen wir unseren Entschluss kräftig mit euch allen gemeinsam feiern. Direkt nach der Trauung gibt es für alle Gottesdienstbesucher einen Sektempfang vor der Kirche. Auch kleine Häppchen werden gereicht. Gegen 15 Uhr werden wir dann mit den geladen Gästen (engerer Familien- und Freundeskreis) zur Hochzeitsfeier nach Heilsbronn aufbrechen.</p>

<p>Herzlich willkommen lieber Gast, Wir beide &#8211; Manuela und Steffen, Voller Spannung erwartet, auf vielfachen Wunsch und doch aus eigenem Willen! Wir heiraten! Diesen Tag möchten wir gemeinsam mit Euch erleben! Die Trauung findet am 11. August 2012 um 13 Uhr in der katholischen Kirche St. Bonifatius in Dietenhofen statt. Danach wollen wir unseren Entschluss [&hellip;]</p>
